.
12
Let v(g) be the third derivative of -g**9/20160 - g**7/2520 - g**6/720 + 3*g**5/5 + g**2 - 35. Let s(f) be the third derivative of v(f). What is s(-1)?
4
Let a be (-4)/5*(-6480)/864. Let h(d) = -6*d + 7. Let g(m) = -7*m + 6. Let k(n) = -5*g(n) + 6*h(n). Calculate k(a).
6
Let y(c) = 12*c + 54. Let n be y(-3). Suppose 0 = 43*q - 37*q + n. Let o(f) = 5*f - 3. Give o(q).
-18
Let l(m) = m + 8. Let g = -2 - -265. Let i = 271 - g. Give l(i).
16
Suppose -3*i - 9 = -2*i - 3*g, 3*g - 9 = -4*i. Let j(h) = -3*h**2 + 5*h - 41. Let u(t) = -4*t**2 + 7*t - 62. Let c(w) = 7*j(w) - 5*u(w). Calculate c(i).
23
Suppose 4*u + 32 = 5*n, 6*u - 8*u = -4*n + 22. Let l be ((-9 - -5) + 2)/(u/9). Let c(t) = t - 2. Give c(l).
4
Let y(i) = -i**2 + 14*i - 16. Let a(l) = -6*l - 16. Let w = 16 + -14. Let h(c) = c + 3. Let g(k) = w*a(k) + 11*h(k). Let r(q) = 5*g(q) + y(q). Determine r(8).
-3
Let y(c) = 12 - 34*c - 20*c + 6*c**2 - 4 + 35*c. Let t(d) = -17*d**2 + 53*d - 23. Let v(i) = 3*t(i) + 8*y(i). Calculate v(4).
-25
Suppose 0 = 14228*c - 14226*c. Let x(y) = -1 - 3 - 3*y + 5*y. Determine x(c).
-4
Let r(q) = 376*q + 359*q - 26 - 733*q. Give r(14).
2
Suppose -141*l = 4*l - 725. Let x(r) = r**2 - 4*r + 6. What is x(l)?
11
Let f = 954 - 955. Let x(v) = -v**2 - v + 1. Let j(o) = -5*o**3 + o**2 + 3*o - 3. Let y(g) = j(g) + 4*x(g). Give y(f).
4
Let q(n) = -9*n**3 + 11*n**2 - 11*n + 8. Let f(r) = -r**3 - 2*r**2 + 12*r - 1. Let m(t) = -2*f(t) - q(t). Calculate m(-1).
-11
Let l be (-2)/(-4)*14 + (-16760)/2514. Let q(b) be the second derivative of l*b**3 + 26*b + 4*b**2 + 0. Give q(6).
20
Let a(s) = -2*s**3 + 22*s**2 + 22*s + 28. Let v = -10734 + 10746. What is a(v)?
4
Let i(s) be the second derivative of -s**5/20 - 11*s**4/12 - 4*s**3/3 + 7*s**2/2 - 2*s. Let g(x) = 34*x - 3988. Let h be g(117). Determine i(h).
-13
Let l(b) be the first derivative of -7/2*b**2 - 20 + 0*b + 0*b**3 + 1/30*b**5 - 1/24*b**4. Let x(z) be the second derivative of l(z). Calculate x(-2).
10
Let y(m) = 4*m**3 + 88*m**2 + 2. Suppose -433 - 1393 = -38*k + 121*k. What is y(k)?
2
Let i(b) = -b**3 + 8*b**2 + 8*b + 16. Suppose -46*m + m - 24 + 429 = 0. What is i(m)?
7
Let f = 280 + -280. Suppose f*y + 7*y - 7 = 0. Let k(a) = a**3 - a**2. What is k(y)?
0
Suppose -k = 4*x + 4, 2*x + 4 = -k - x. Let o(y) = y - 2. Let b = -6231 + 6232. Let p(i) = -6. Let f(q) = b*p(q) + k*o(q). Calculate f(-2).
10
Let h be (2/4)/(27/108). Suppose -5 - 3 = -h*f. Let g(y) = -2*y. Give g(f).
-8
Let k = -62 - -62. Let s(g) = g**3 - g**2 - g + 8. Let u be s(k). Suppose 8*x - 12*x - u = 0. Let b(n) = 5*n - 2. Calculate b(x).
-12
Let v(w) = 9*w**2 - 124*w - 18. Let h be v(14). Let y(l) = -6*l + 63. What is y(h)?
3
Let d(p) be the second derivative of -13/2*p**2 + 0 - 1/20*p**5 - 50*p - 1/3*p**3 - 1/2*p**4. Give d(-6).
-1
Suppose 0*t + 2*i - 132 = -t, -5*i = -t + 125. Let n = -82 + t. Let q(a) = 1 + a**3 + n*a - 13*a - 13*a + 8*a**2 - 14*a. Determine q(-7).
-6
Let b(a) be the second derivative of -15*a + 4*a**2 + 1/12*a**4 + 9 - 5/3*a**3. Let c = -6 - -13. What is b(c)?
-13
Let m be (-66)/18 + (-2)/6*(3 - 2). Let o(s) = 2*s**2 + s - 25. Give o(m).
3
Let z(p) = -2*p**3 - 103*p**2 + 55*p + 149. Let s = -19742 - -19690. Give z(s).
-7
Let h(z) = 10*z - 83. Let i be h(8). Let g(s) = -8*s**2 - 16*s + 9. Let m(k) = 5*k**2 + 15*k - 8. Let f(q) = i*m(q) - 2*g(q). What is f(13)?
6
Suppose 6*g - 4*g + 10 = 0. Let t be (-5)/15*11*(g + 2). Let u(a) = 8*a - t - 4 + 10 - a**2. What is u(6)?
7
Let f(b) = -6*b**2 - 6*b - 37. Let y(r) = r**3 + r**2 - r - 1. Let g(d) = -f(d) + y(d). Give g(-7).
1
Let q = 289 - 283. Suppose -21 = 9*p + q. Let l(x) = x**3 + 3*x**2 - x - 3. Calculate l(p).
0
Let m = 15 - -26. Suppose 5*g + z = -184, z + 2*z = -4*g - 156. Let x = g + m. Let a(q) = q - 4. Give a(x).
1
Let h(g) be the second derivative of -g**3 - g**2 - 175*g. Let a be (-12)/(-9)*(15/(-6) - -1). Calculate h(a).
10
Let w(y) = -94*y**3 - y**2 + 1. Let c(z) = 3*z**2 - 303*z + 883. Let l be c(98). What is w(l)?
-94
Let t(r) = r**3 - 8*r**2 - 4*r + 8. Let l(p) = 2*p - 7. Suppose 0 = -8*m + 33 - 9. Let c be l(m). Let w(f) = -f**2 + 1. Let s(q) = c*t(q) + 6*w(q). Give s(4).
-18
Let g be (-3 - 1)*(4 - 5). Suppose -w + i - 3 = 0, -g - 11 = -5*i. Let j(u) = -u**3 + 2. Give j(w).
2
Let d(o) = -72*o**2 + o - 1. Let y(w) = -6*w**2 - 388*w - 255. Let j be y(-64). Determine d(j).
-72
Let f(l) = 18*l + 5 + 22*l + 5*l + 7*l - 12*l - 5*l**2. Give f(8).
5
Let z(y) = -2*y**2 + 4*y + 5. Let o(i) = -3*i**2 + 9*i + 8. Suppose -2*r = -1 + 7. Let s(u) = r*o(u) + 5*z(u). Calculate s(-7).
1
Let h(v) = v**3 + 13*v**2 - 3. Suppose 1171 = 10*k - 79. Let r = 112 - k. Calculate h(r).
-3
Suppose 5*t + 10 = 5*u, -3*u + 3 = 15. Let j(i) = -3. Let r(d) = -d + 12. Let b(o) = t*j(o) - r(o). Calculate b(-14).
-8
Let u(c) be the first derivative of -c**4/4 - 7*c**3/3 + 3*c**2/2 + 5*c - 1. Let i be -1 - 148/24 - (-19 + 26 + 129/(-18)). Give u(i).
-16
Suppose 7*a - 4*a + 5*d = -31, -5*d = -5*a - 25. Let c(r) = 18*r + 131. Calculate c(a).
5
Suppose p = 2*p + 3*p. Let z(o) = 1 + 237*o**3 + 0*o - o**2 - 104*o**3 + p*o - 121*o**3. Give z(-1).
-12
Let c(s) = -s**3 - s + 2. Suppose 3*j - 18 = 0, 4*a - 1756*j = -1751*j - 26. What is c(a)?
0
Let d = 41090 + -41102. Let s(t) = -t**3 - 11*t**2 + 16*t + 30. Calculate s(d).
-18
Let z(f) = -8*f**3 + f**2 - 7*f - 12. Let o(g) = 8*g - 17*g + 3*g - 11 - 11*g**3 - 12*g**3 + 16*g**3. Let i(r) = -7*o(r) + 6*z(r). What is i(-6)?
5
Let t(o) = 15561454*o**2 - 13*o - 16 - 15561455*o**2 - 6. Calculate t(-12).
-10
Let m(g) be the third derivative of -1/24*g**4 + 0 - 5/2*g**3 - 2*g**2 - 111*g. Calculate m(-10).
-5
Suppose 1 = -5*n + 6. Let k(z) = -1229*z - 1 + 1228*z + 2. Let t(w) = 2*w**2 + 6*w - 8. Let f(r) = n*t(r) + 8*k(r). What is f(3)?
12
Let g(f) = 43*f**2 + 2*f + 1. Let i(p) = -39*p**2 - 395*p - 51. Let c be i(-10). Give g(c).
42
Let l(m) = 19*m**3 + 12*m + 11. Let a(q) = 23*q**3 + q**2 + 13*q + 12. Let u(h) = 5*a(h) - 6*l(h). Calculate u(-6).
0
Suppose 8425*i - 8495*i = 420. Let a(g) = 4*g**2 + 16*g - 2. Give a(i).
46
Let t(u) be the third derivative of u**6/120 - 7*u**5/60 - u**4/12 - u**3 + 636*u**2 - 2*u. What is t(7)?
-20
Suppose 18 = -13*m + 14*m - 2*n, -2*n = m + 2. Let o(z) = -z**2 + 4. Give o(m).
-60
Let q = 657 + -667. Let h be 15/((-75)/q) - -2. Let p(w) = 6 - 6*w + 0*w**2 + w**2 - 1. Calculate p(h).
-3
Let a(l) = -17*l**3 - 9*l**2 + l - 4. Let m(v) = -28*v**3 - 17*v**2 + v - 6. Let o(t) = 5*a(t) - 3*m(t). Determine o(5).
33
Let h be (-10)/4*(-3 + 0 + 5). Let w(v) be the second derivative of -2*v**3/3 - 5*v**2/2 - 34*v - 5. Determine w(h).
15
Let j(r) = 4*r - 1706. Let w(u) = u - 445. Let h(o) = -6*j(o) + 23*w(o). Suppose -2*g + 5*c - 13 = 0, -c = -1 - 2. Calculate h(g).
0
Let c(w) be the first derivative of -w**4/4 - 7*w**3/3 - 7*w - 875. Suppose a + 3 + 5 = -y, -y + 20 = -3*a. What is c(a)?
-7
Let c(w) = w**3 + 4*w**2 - 6*w - 9. Let r(d) = 6*d**2 + 65*d - 2. Let h be r(-11). Suppose -46 = h*v - 1. Calculate c(v).
-4
Let q(n) = 8*n - 22. Let k be q(3). Let z(j) = 77 - 160 + 85 - 2*j + k*j**2. Let a(h) = -h - 7. Let i be a(-9). Give z(i).
6
Let i(x) = -12. Let t(d) = d - 3. Let j = 31 + -30. Let y(n) = j*t(n) - i(n). What is y(-15)?
-6
Suppose 0 = 6*k - 156 + 12. Suppose -48 = 4*v - k. Let p(a) be the second derivative of a**5/20 + 5*a**4/12 - a**3 + 2*a**2 + 5*a. Give p(v).
4
Let k(t) = -20*t - 17. Let z(r) = 30*r + 27. Let s(b) = -8*k(b) - 5*z(b). Suppose -5*d - 10 = 5*w, 18*w = 21*w. Calculate s(d).
-19
Let i(f) be the third derivative of -f**4/24 - 3*f**3/2 - 2*f**2. Let j(c) = 7*c - 63. Let z be j(22). Suppose z = -n + 84. What is i(n)?
-2
Let z(d) be the third derivative of d**8/1680 - d**7/5040 + d**6/720 + 3*d**5/20 - 2*d**2 - 23. Let t(h) be the third derivative of z(h). What is t(1)?
12
Let a(p) = -p**2 + 20*p - 61. Let i = 1178 - 1164. Calculate a(i).
23
Let s(w) = -w**3 + 2*w**2 - 9*w + 8. Let z be (-138)/1380*1*(1 - 1). Give s(z).
8
Let c(b) = -b**3 - b**2 - 2*b - 2. Let i(f) = -58*f**3 - 8*f**2 - 19*f - 22. Let y(x) = -10*c(x) + i(x). Determine y(1).
-47
Let n(c) be the first derivative of c**5/40 - 7*c**4/24 + 24*c**3 - 51. Let h(z) be the third derivative of n(z). Determine h(6).
11
Let a be (-2)/(81/6 - 13). Let n(q) = -5*q**2 + 8. Determine 